ided by b?
22
Let d(o) be the second derivative of 7*o**3 + 3*o. Calculate the remainder when d(1) is divided by 15.
12
Let v be 7 - (-9)/(2 + 1). Suppose 2*k - 3*p + 20 = 3*k, -5*k + 3*p = -v. Calculate the remainder when k is divided by 4.
1
Let c(h) = 1 + h + h**3 + 1 - 2*h**2 - 3. Let n be c(2). Suppose -2*x = -11 + n. Calculate the remainder when 13 is divided by x.
3
Let v be (-10)/(-4) - (-2)/4. Suppose -2*z + 3 = 2*q + z, 30 = 5*q + v*z. Calculate the remainder when 25 is divided by q.
7
Let s be -1 + 4*(1 - 0). Suppose -s*a + 8 = -70. Calculate the remainder when 101 is divided by a.
23
What is the remainder when 1/(-2) - 891/(-22) is divided by (2 - -26)*3/4?
19
Let v(b) = -80*b**3 - b. Calculate the remainder when v(-1) is divided by 14.
11
Let f = -13 - -23. Suppose 9 = 5*s - 21. Calculate the remainder when f is divided by s.
4
Suppose 5*j = m + 21, -3*m - m = j - 21. Suppose -2*q + 3*c + 120 = 0, q = 4*q + j*c - 161. What is the remainder when q/((-3)/4*-2) is divided by 13?
12
Let w = -73 - -49. Let y = -11 - w. Calculate the remainder when 24 is divided by y.
11
Let w(h) = -h**2 + 11*h. Let p be w(9). Let q = p - -9. Calculate the remainder when 80 is divided by q.
26
Let p(w) = w**2 + w + 1. What is the remainder when 83 is divided by p(6)?
40
Suppose 30 = -2*q + 5*q. Calculate the remainder when q is divided by 6.
4
Suppose y + 11 = 3*s, -y + 8 = 4*s - 9. What is the remainder when 18 is divided by s?
2
Let z be -1*(-11 + 1 + 1). Suppose -2*g + 2*j + 4 = 0, -3*j = -8*g + 4*g + z. Calculate the remainder when 4 is divided by g.
1
Suppose 0 = -y - 3*y. Calculate the remainder when 129/3 + (0 - y) is divided by 22.
21
Let h = 18 - 4. What is the remainder when 68 is divided by h?
12
Calculate the remainder when 34*-1*(-3 + (-10)/(-4)) is divided by 9.
8
Suppose 0*k = -k + 2. Suppose 42 = 4*d - k*o, -1 = d - o - 10. Calculate the remainder when ((-17)/(-1))/((-1)/(-2)) is divided by d.
10
Suppose 560 = 5*c - 3*p, 3*c - p - 63 - 269 = 0. Calculate the remainder when c is divided by 16.
13
Let y(i) = i**3 + 12*i**2 + 12*i - 2. Calculate the remainder when y(-8) is divided by 16.
14
Let i = -12 + 6. What is the remainder when ((-84)/(-9))/((-2)/i) is divided by 10?
8
Let i(l) = 3*l**2 + l. Let t be i(1). Let k(u) = 2*u + 3 - t + 4. What is the remainder when 38 is divided by k(5)?
12
Let d(t) = t**3 - 8*t**2 + 2*t + 4. Let r be d(8). Let x = r - 5. What is the remainder when x is divided by 8?
7
Suppose -3*i - 35 = -8. Let d = i - -15. Let u(k) = 4*k + 1. Calculate the remainder when u(4) is divided by d.
5
Let z(c) = 2*c. Let b be z(-7). Let l = 0 - b. What is the remainder when 26 is divided by l?
12
Let g = -25 + 44. Calculate the remainder when 54 is divided by g.
16
Calculate the remainder when 50 is divided by (102/(-18))/(1/(-3)).
16
Let c = -105 + 151. Calculate the remainder when c is divided by 116/10 + 18/45.
10
Let k = 47 + 9. Suppose k = 5*r - 154. What is the remainder when r is divided by 11?
9
Calculate the remainder when 24 is divided by 11 + 5 + 3 + -5.
10
Let t be (-6)/((-7)/(21/(-6))). Let d(b) = 4*b**2 + 3*b + 4. Calculate the remainder when d(t) is divided by 11.
9
Suppose -5*c = 4*c - 144. Calculate the remainder when 46 is divided by c.
14
Let c(f) be the first derivative of -f**3 + 1/2*f**2 + 1/4*f**4 + 3 + 5*f. Calculate the remainder when c(4) is divided by 14.
11
Let l be 3*(-4 - 17/(-3)). Let w(r) = 2*r. Let n be w(2). Suppose -l*g + 151 = -n*t - 0*t, -4*t = -g + 27. What is the remainder when g is divided by 11?
9
Let f(c) = -c**2 - 7*c + 3. Let n be 0/((-2)/4*-2). Suppose -s + 13 = -3*k, -3*k - 5*s - 17 - 8 = n. Calculate the remainder when 36 is divided by f(k).
10
What is the remainder when 19 is divided by (-13)/26 - 42/(-4)?
9
Calculate the remainder when 57 is divided by (15 + 0)/(14 - 13).
12
What is the remainder when 69 is divided by 2/(-4)*60/(-3)?
9
Let l(j) = -j**2 - 12*j + 1. What is the remainder when l(-8) is divided by 7?
5
Let y = 32 - -43. Suppose 6*p = p + y. Suppose z - 2 - 6 = 0. Calculate the remainder when p is divided by z.
7
Suppose -21 - 14 = -5*s. Let a(z) = z**2 - 3*z + 2. What is the remainder when a(5) is divided by s?
5
Let i(n) = -18*n + 4. Let u(w) = -19*w + 1. Calculate the remainder when i(-3) is divided by u(-1).
18
Suppose -y + 0*p + p + 8 = 0, 5*p + 31 = 2*y. Suppose -2*u + 284 = 3*x - 3*u, y*x + 2*u - 296 = 0. What is the remainder when x is divided by 33?
30
Let s(c) = 2*c**2 - c - 4 + 3*c**2 - 4*c**2. Let q be s(-8). Suppose 0 = -4*z - 0*z + q. Calculate the remainder when z is divided by 9.
8
Let b be (-2)/(-6) + (-3)/9. Suppose b*u = u - 10. Calculate the remainder when u is divided by 4.
2
Let z(w) = w**3 + 3*w**2 + w - 3. Calculate the remainder when z(3) is divided by 3/9*(-10 + 67).
16
Let u = -1 + 27. What is the remainder when u is divided by 7?
5
Let x = -5 - -5. Suppose -2*y + 27 + 39 = x. Calculate the remainder when y is divided by 17.
16
Suppose -4*d + 2 = -242. What is the remainder when d is divided by 21?
19
Let l(y) = y**2 - 19*y + 9. What is the remainder when l(19) is divided by 5?
4
Let s(l) = 3*l**3 + l - 1 - 4 + 3 + 2*l**2. Let t be s(-2). What is the remainder when (-38)/5*t/8 is divided by 10?
9
Suppose -5*c + 346 = 3*z - 179, -5*z = -4*c - 912. Suppose -6*f + z = -2*f. What is the remainder when f is divided by 12?
9
Suppose 3*o + 3*r - 3 = 0, -5*o + 2*r + 33 = -0*r. Let c = o + 4. Suppose 5*i - 138 = 3*n - 7*n, 4*i - 98 = 3*n. Calculate the remainder when i is divided by c.
8
Let c = -77 - -218. What is the remainder when c is divided by 24?
21
Suppose 0 = 4*q + 5 - 1. What is the remainder when 22 is divided by (-4)/q + 1 + 1?
4
Let y = 13 - 13. Suppose y = -5*f + m - 0*m + 196, 5*f - 208 = -2*m. Calculate the remainder when f is divided by 21.
19
Let l(q) = -3*q + 69. Let d = -3 - -17. Calculate the remainder when l(5) is divided by d.
12
Suppose t = 3*t. Suppose 0 = -4*k - t*k - 232. What is the remainder when k/(-7) + (-10)/35 is divided by 5?
3
Let y = 69 - 47. Let g(i) = 58*i**3 - i**2 + 2*i - 1. Let l be g(1). Calculate the remainder when y is divided by l/7 - (-2)/(-7).
6
Let m = 0 - -2. Let o = 52 - 14. What is the remainder when o is divided by 1/m - 195/(-10)?
18
Suppose 0 = -5*h + 5*b + 45, -2*h = -3*h - 4*b + 29. Let f(l) = l**2 - 11*l + 37. What is the remainder when f(11) is divided by h?
11
Calculate the remainder when 39 is divided by ((-84)/(-8))/(1/2).
18
Suppose 0*m - 4*f - 218 = -5*m, -3*m + 122 = 2*f. Suppose -17*q + 16*q + 15 = 0. Calculate the remainder when m is divided by q.
12
Let d(w) = w**2 + 3*w - 4. Calculate the remainder when 53 is divided by d(3).
11
Suppose -20 = -2*d + 20. What is the remainder when 76 is divided by d?
16
Suppose -4*h + 21 = 5*d, -5*d = -7*h + 2*h + 15. Calculate the remainder when 43 is divided by 1*d/((-2)/(-30)).
13
Let g = -37 + 65. Calculate the remainder when g is divided by (-90)/50*10/(-3).
4
Let j = 32 + -29. Calculate the remainder when 6 is divided by j.
0
Suppose 0 = w - 3, 2 + 2 = 2*k - 4*w. Suppose 68 = 4*d - 4*m + k, 0 = 5*d + 5*m - 115. Calculate the remainder when d is divided by -3*((-32)/6 + 2).
9
Let c be (0 + 3)*(-3)/9. Let i = 18 - c. What is the remainder when i is divided by 10?
9
Let q(p) = -8*p**3 - 2*p**2 + 3*p + 3. What is the remainder when q(-2) is divided by 18?
17
Let h = 56 - 28. Suppose 2*a = 3*t - 4*t + h, -a = 4*t - 7. Suppose 2*q = 12 + 42. What is the remainder when q is divided by a?
12
Suppose -5*u + 3*r = -46, -6*u - 4*r + 23 = -5*u. Calculate the remainder when 54 is divided by u.
10
Suppose t - 40 = -0*t. Suppose 2*p = q + 3 - 15, 4*q - 58 = -2*p. What is the remainder when t is divided by q?
12
Let b(t) = -10*t**2 + t + 2. Let x be b(-2). Let r = -14 - x. Calculate the remainder when r is divided by 7.
5
Let l be (0 + 9/12)*4. Let g be 1 + 2 + -2 + l. Suppose g*o - 5 = 3. Calculate the remainder when 4 is divided by o.
0
Suppose -4*l + 3*n = 4*n - 30, l - 2 = -3*n. What is the remainder when 15 is divided by l?
7
Let x(a) = a + 12. Suppose 0 = 2*w - 44 + 20. Calculate the remainder when 95 is divided by x(w).
23
Suppose 4*r = -2*s + 86, 4*s - r - 56 = 134. Let o(i) = i + 8. Calculate the remainder when s is divided by o(8).
15
Let p = -4